0
Convert -15ca4 (base 13) to base 11.
-29377
Convert 2bab (base 14) to base 7.
31504
Convert a78 (base 13) to base 6.
12141
-100101010 (base 2) to base 6
-1214
What is -1bdc (base 16) in base 7?
-26536
-135135 (base 6) to base 11
-968a
-32144 (base 5) to base 3
-2222112
1cb (base 13) to base 8
520
What is -3634 (base 14) in base 5?
-300304
Convert 122122 (base 4) to base 11.
12a7
1402023 (base 5) to base 6
335232
What is -106650 (base 7) in base 5?
-1103234
-1d (base 14) to base 10
-27
Convert 11200102 (base 3) to base 8.
6525
-1262 (base 8) to base 14
-374
What is -2927 (base 14) in base 10?
-7287
13120303 (base 4) to base 9
45451
-16cd (base 15) to base 3
-20202011
-1001100110111 (base 2) to base 16
-1337
Convert -535 (base 9) to base 6.
-2005
What is 19404 (base 10) in base 12?
b290
What is -c8 (base 15) in base 9?
-228
55bb (base 12) to base 3
111000222
3289 (base 11) to base 8
10354
3360 (base 8) to base 4
123300
Convert -311 (base 4) to base 9.
-58
278 (base 15) to base 6
2335
-6de7 (base 16) to base 15
-850a
Convert 112022 (base 3) to base 9.
468
What is -131424 (base 5) in base 14?
-1ca3
What is -11045 (base 7) in base 3?
-10210212
What is 7ccf (base 16) in base 14?
b903
-12332221 (base 4) to base 16
-6fa9
What is -2425 (base 6) in base 15?
-298
What is -a335 (base 16) in base 8?
-121465
What is -2044 (base 6) in base 12?
-324
Convert -102420 (base 6) to base 15.
-2729
Convert 63b (base 15) to base 7.
4046
Convert 249 (base 12) to base 5.
2340
What is -57868 (base 9) in base 6?
-454442
What is -c56 (base 13) in base 8?
-4063
What is -32332 (base 6) in base 8?
-10540
What is -1332330 (base 4) in base 6?
-101340
What is 6555 (base 7) in base 2?
100100100111
-3249 (base 15) to base 13
-4aca
Convert -166 (base 10) to base 16.
-a6
Convert 8553 (base 11) to base 16.
2c2f
581 (base 12) to base 11
683
What is -634 (base 8) in base 4?
-12130
b0b (base 12) to base 10
1595
What is 18649 (base 11) in base 16?
65d4
What is 1010001 (base 2) in base 9?
100
What is 1cb3 (base 16) in base 11?
557a
343411 (base 5) to base 14
4708
What is -222221 (base 4) in base 3?
-10202002
-1472 (base 10) to base 7
-4202
350 (base 13) to base 6
2352
What is 168 (base 15) in base 7?
641
1010101001111010 (base 2) to base 4
22221322
What is -101110011 (base 3) in base 2?
-1110111000010
Convert -24654 (base 7) to base 6.
-50043
-306 (base 9) to base 11
-207
What is -2a15 (base 11) in base 13?
-1a01
Convert -2201100 (base 4) to base 11.
-7832
42343 (base 9) to base 6
333320
Convert 3bb (base 14) to base 16.
2f1
What is 32a0 (base 16) in base 14?
4a1a
-10011111101 (base 2) to base 16
-4fd
Convert 85106 (base 9) to base 10.
56220
What is -6cc (base 15) in base 13?
-918
Convert 10011001100011 (base 2) to base 14.
381d
5a1 (base 12) to base 3
1011011
What is 5730 (base 13) in base 12?
7093
Convert -3822 (base 9) to base 11.
-2166
What is -d88 (base 15) in base 5?
-44203
1716 (base 12) to base 7
11013
9677 (base 10) to base 3
111021102
-6280 (base 10) to base 4
-1202020
Convert 10001000001000 (base 2) to base 8.
21010
Convert -9227 (base 10) to base 8.
-22013
Convert 126b0 (base 12) to base 7.
133302
Convert 5c13 (base 14) to base 9.
24056
Convert -1102030 (base 4) to base 5.
-132020
What is -2867 (base 9) in base 13?
-ca9
What is 4779 (base 10) in base 14?
1a55
-2208 (base 13) to base 2
-1001010000100
What is 1062 (base 11) in base 7?
4036
Convert 107732 (base 8) to base 9.
55457
Convert -1011110 (base 2) to base 5.
-334
1a8c (base 13) to base 7
14446
What is -1501 (base 7) in base 2?
-1001001101
42004 (base 5) to base 7
11013
-22210211 (base 3) to base 16
-1915
Convert -11552 (base 10) to base 16.
-2d20
-210300 (base 4) to base 16
-930
Convert b96 (base 14) to base 11.
17a0
154 (base 9) to base 2
10000010
What is 6070 (base 12) in base 13?
49b0
What is -212111121 (base 3) in base 15?
-5124
-330 (base 15) to base 4
-23100
Convert -ba (base 16) to base 13.
-114
What is 1221222 (base 3) in base 5?
21210
Convert 224021 (base 5) to base 2.
1111101001011
Convert 76427 (base 8) to base 2.
111110100010111
Convert -3021123 (base 4) to base 11.
-975a
2be8 (base 15) to base 10
9443
Convert -1c5d (base 15) to base 8.
-14023
What is -194 (base 11) in base 15?
-ee
-130333 (base 4) to base 11
-1437
Convert -ac (base 16) to base 12.
-124
27124 (base 8) to base 11
8a02
-22ba1 (base 12) to base 10
-46633
-2302202 (base 4) to base 3
-120200012
Convert -1101110221 (base 3) to base 15.
-8167
195a (base 16) to base 10
6490
-118a (base 14) to base 5
-44222
-124 (base 14) to base 8
-344
-1516 (base 8) to base 16
-34e
-5498 (base 10) to base 15
-1968
Convert 43885 (base 9) to base 4.
13013210
46c (base 13) to base 7
2143
Convert -52321 (base 6) to base 15.
-213d
Convert 11500 (base 6) to base 11.
12a9
What is 12583 (base 14) in base 5?
2414444
What is -502 (base 9) in base 3?
-120002
Convert -2345 (base 7) to base 4.
-31202
24382 (base 10) to base 12
1213a
Convert -103130 (base 4) to base 11.
-a31
213244 (base 5) to base 6
53524
-13404 (base 8) to base 10
-5892
1001011101 (base 2) to base 5
4410
What is 223123 (base 4) in base 13?
135a
What is 45220 (base 8) in base 11?
13383
What is -b51 (base 14) in base 3?
-10001111
Convert -35323 (base 7) to base 8.
-21572
Convert a97 (base 12) to base 11.
1194
Convert 3cc1 (base 13) to base 5.
240101
Convert -14651 (base 7) to base 16.
-1007
Convert -100616 (base 7) to base 3.
-212110212
-12c6 (base 16) to base 6
-34130
Convert -22324 (base 5) to base 4.
-120311
What is 100110100 (base 2) in base 8?
464
What is -4d5 (base 15) in base 14?
-588
Convert -5010 (base 11) to base 16.
-1a0a
Convert 4216 (base 10) to base 12.
2534
Convert -1919 (base 11) to base 7.
-10054
2120001 (base 4) to base 14
378d
What is 440332 (base 5) in base 7?
62000
Convert 12011122 (base 3) to base 14.
1534
What is -1883 (base 11) in base 10?
-2390
What is 2ab0 (base 12) in base 4?
1032210
15c (base 14) to base 12
1b2
111340 (base 5) to base 2
111110000010
What is 1512 (base 7) in base 10?
597
Convert -7b4 (base 12) to base 7.
-3223
-2c36 (base 14) to base 3
-101211011
-a98 (base 16) to base 12
-16a0
What is -13220 (base 4) in base 16?
-1e8
-1114 (base 6) to base 14
-14a
Convert 7243 (base 8) to base 2.
111010100011
5410 (base 7) to base 14
9b0
Convert 43012 (base 7) to base 3.
112121011
What is -514 (base 9) in base 13?
-262
-774 (base 14) to base 15
-684
159 (base 11) to base 6
505
What is 4112 (base 6) in base 16?
38c
-6311 (base 11) to base 15
-2726
210000010 (base 3) to base 11
10560
What is -121237 (base 8) in base 2?
-1010001010011111
-18011 (base 10) to base 15
-550b
Convert 100104 (base 5) to base 3.
11022211
-1122023 (base 4) to base 6
-42415
Convert 2122122222 (base 3) to base 16.
cc14
What is 7023 (base 8) in base 15?
1103
What is -22c (base 14) in base 7?
-1155
-b042 (base 12) to base 5
-1102213
22355 (base 7) to base 3
21210012
14015 (base 6) to base 3
2222102
Convert 2b87 (base 15) to base 5.
244402
-121234 (base 5) to base 6
-33053
What is 300435 (base 6) in base 5?
1222440
Convert 1abc (base 13) to base 12.
240a
10000110110 (base 2) to base 15
4bd
-101110010111 (base 2) to base 7
-11436
What is 1301130 (base 5) in base 2?
110001001001101
-11514 (base 7) to base 10
-3000
What is 211413 (base 6) in base 15?
517c
-b655 (base 12) to base 7
-112061
What is -10001101100 (base 2) in base 8?
-2154
What is 23213333 (base 4) in base 15?
e195
-13137 (base 9) to base 15
-295d
14716 (base 11) to base 12
10079
Convert -d3f (base 16) to base 4.
-310333
Convert 1110011011010 (base 2) to base 12.
4336
Convert -311531 (base 7) to base 9.
-81258
What is 106661 (base 7) in base 4?
10230002
Convert -9761 (base 10) to base 7.
-40313
Convert -13214 (base 5) to base 3.
-1110020
What is -349 (base 11) in base 5?
-3131
What is -2254 (base 6) in base 16?
-21a
What is 21510 (base 6) in base 8?
5662
Convert 69b5 (base 15) to base 6.
251525
What is c8 (base 13) in base 2?
10100100
Convert 10302 (base 4) to base 16.
132
-2675 (base 11) to base 16
-d8e
Convert -32c (base 13) to base 7.
-1406
Convert -46 (base 16) to base 12.
-5a
What is 1232 (base 12) in base 6?
13302
-1b (base 13) to base 6
-40
Convert 3213 (base 8) to base 14.
879
-242011 (base 6) to base 11
-14a00
1101001011 (base 2) to base 14
4